{"id":2242,"date":"2023-07-21T09:51:04","date_gmt":"2023-07-21T09:51:04","guid":{"rendered":"http:\/\/portal550.aevn.pt\/?page_id=2242"},"modified":"2023-07-21T09:58:49","modified_gmt":"2023-07-21T09:58:49","slug":"tecnico-a-de-informatica-sistemas","status":"publish","type":"page","link":"http:\/\/portal550.aevn.pt\/index.php\/alunos\/cursos-profissionais\/tecnico-a-de-informatica-sistemas\/","title":{"rendered":"T\u00e9cnico\/a de Inform\u00e1tica &#8211; Sistemas"},"content":{"rendered":"\n<div class=\"wp-block-uagb-container uagb-block-5f9f1641 alignfull uagb-is-root-container\"><div class=\"uagb-container-inner-blocks-wrap\">\n<div class=\"wp-block-uagb-container uagb-block-7dbf679a\">\n<h3 class=\"wp-block-heading\">Descri\u00e7\u00e3o Geral<\/h3>\n\n\n\n<p>Efetuar a instala\u00e7\u00e3o, a configura\u00e7\u00e3o e a manuten\u00e7\u00e3o de ferramentas, equipamentos e sistemas inform\u00e1ticos, suportados em diferentes plataformas e sistemas operativos, e proceder \u00e0 gest\u00e3o e administra\u00e7\u00e3o de base de dados e ao desenvolvimento de software, assegurando a otimiza\u00e7\u00e3o do seu funcionamento e respeitando as normas de seguran\u00e7a, higiene e sa\u00fade no trabalho e de prote\u00e7\u00e3o do ambiente.<\/p>\n<\/div>\n<\/div><\/div>\n\n\n\n<div class=\"wp-block-uagb-container uagb-block-fabca89a alignfull uagb-is-root-container\"><div class=\"uagb-container-inner-blocks-wrap\">\n<div class=\"wp-block-uagb-container uagb-block-bcb3b03f\">\n<h3 class=\"wp-block-heading\">Atividades Principais<\/h3>\n\n\n\n<ul class=\"wp-block-list\">\n<li>Efectuar a instala\u00e7\u00e3o, configura\u00e7\u00e3o e manuten\u00e7\u00e3o de computadores, perif\u00e9ricos, redes locais e sistemas operativos e utilit\u00e1rios, de acordo com as necessidades dos utilizadores e a fim de otimizar o funcionamento dos mesmos.\n<ul class=\"wp-block-list\">\n<li>Instalar e configurar computadores isolados ou em rede e perif\u00e9ricos e proceder \u00e0 sua manuten\u00e7\u00e3o, com vista a assegurar o correto funcionamento dos equipamentos inform\u00e1ticos, de acordo com as suas caracter\u00edsticas t\u00e9cnicas;<\/li>\n\n\n\n<li>Instalar, configurar, parametrizar e gerir sistemas operativos e utilit\u00e1rios e programas em rede local, utilizando os procedimentos e instrumentos adequados, com vista a assegurar o correto funcionamento dos mesmos;<\/li>\n\n\n\n<li>Instalar, configurar, parametrizar e gerir software de administra\u00e7\u00e3o de redes, nomeadamente na monitoriza\u00e7\u00e3o e manuten\u00e7\u00e3o da rede.<\/li>\n<\/ul>\n<\/li>\n\n\n\n<li>Proceder \u00e0 instala\u00e7\u00e3o, configura\u00e7\u00e3o e parametriza\u00e7\u00e3o de aplica\u00e7\u00f5es de gest\u00e3o empresarial, tendo em conta o plano de instala\u00e7\u00e3o, os requisitos funcionais e o plano de acessos adequados ao cliente ou servi\u00e7o, utilizando o software adequado, nomeadamente, utilizando ferramentas aplicacionais como o processamento de texto, folha de c\u00e1lculo e apresenta\u00e7\u00e3o gr\u00e1fica.<\/li>\n\n\n\n<li>Proceder \u00e0 gest\u00e3o e administra\u00e7\u00e3o de bases de dados, a fim de implementar um sistema de informa\u00e7\u00e3o numa organiza\u00e7\u00e3o ou empresa, tendo em conta os sistemas inform\u00e1ticos adequados.\n<ul class=\"wp-block-list\">\n<li>A an\u00e1lise da informatiza\u00e7\u00e3o existente atrav\u00e9s das diferentes t\u00e9cnicas e metodologias de an\u00e1lise e usando os instrumentos inform\u00e1ticos apropriados, desenvolver as aplica\u00e7\u00f5es necess\u00e1rias;<\/li>\n\n\n\n<li>O desenvolvimento de aplica\u00e7\u00f5es inform\u00e1ticas, utilizando diferentes linguagens de programa\u00e7\u00e3o;<\/li>\n\n\n\n<li>A implementa\u00e7\u00e3o de base de dados, tendo em conta as t\u00e9cnicas e os procedimentos adequados.<\/li>\n<\/ul>\n<\/li>\n\n\n\n<li>Desenvolver e implementar sistemas de Intranet e Internet, com recurso ao hipertexto, hiperm\u00e9dia e acesso a bases de dados.\n<ul class=\"wp-block-list\">\n<li>Desenvolver programa\u00e7\u00e3o para a Web e proceder \u00e0 formata\u00e7\u00e3o de p\u00e1ginas em hipertexto para Intranet e Internet;<\/li>\n\n\n\n<li>Planear, instalar e gerir servidores Intranet ou Internet em ambiente Web, de acordo com o projeto de estrutura de servidores Web.<\/li>\n<\/ul>\n<\/li>\n<\/ul>\n<\/div>\n<\/div><\/div>\n\n\n\n<div class=\"wp-block-uagb-container uagb-block-a8710f19 alignfull uagb-is-root-container\"><div class=\"uagb-container-inner-blocks-wrap\">\n<div class=\"wp-block-uagb-container uagb-block-308dbb66\">\n<h3 class=\"wp-block-heading\">Outras informa\u00e7\u00f5es<\/h3>\n\n\n\n<ul class=\"wp-block-list\">\n<li><a href=\"https:\/\/catalogo.anqep.gov.pt\/qualificacoesDetalhe\/7385\" target=\"_blank\" rel=\"noreferrer noopener\">Referencial de Forma\u00e7\u00e3o<\/a><\/li>\n\n\n\n<li><a href=\"https:\/\/aevn.pt\/index.php\/82-agrupamento\/335-criterios-de-avaliacao-cursos-profissionais\">Crit\u00e9rios de avalia\u00e7\u00e3o<\/a><\/li>\n<\/ul>\n<\/div>\n<\/div><\/div>\n","protected":false},"excerpt":{"rendered":"<p>Descri\u00e7\u00e3o Geral Efetuar a instala\u00e7\u00e3o, a configura\u00e7\u00e3o e a manuten\u00e7\u00e3o de ferramentas, equipamentos e sistemas inform\u00e1ticos, suportados em diferentes plataformas e sistemas operativos, e proceder&hellip;<\/p>\n","protected":false},"author":1,"featured_media":0,"parent":1542,"menu_order":0,"comment_status":"closed","ping_status":"closed","template":"","meta":{"qubely_global_settings":"","qubely_interactions":"","_uag_custom_page_level_css":"","footnotes":""},"class_list":["post-2242","page","type-page","status-publish","hentry"],"yoast_head":"<!-- This site is optimized with the Yoast SEO plugin v26.3 - https:\/\/yoast.com\/wordpress\/plugins\/seo\/ -->\n<title>T\u00e9cnico\/a de Inform\u00e1tica - Sistemas - Agrupamento de Escolas de Vendas Novas<\/title>\n<meta name=\"robots\" content=\"index, follow, max-snippet:-1, max-image-preview:large, max-video-preview:-1\" \/>\n<link rel=\"canonical\" href=\"http:\/\/portal550.aevn.pt\/index.php\/alunos\/cursos-profissionais\/tecnico-a-de-informatica-sistemas\/\" \/>\n<meta property=\"og:locale\" content=\"pt_PT\" \/>\n<meta property=\"og:type\" content=\"article\" \/>\n<meta property=\"og:title\" content=\"T\u00e9cnico\/a de Inform\u00e1tica - Sistemas - Agrupamento de Escolas de Vendas Novas\" \/>\n<meta property=\"og:description\" content=\"Descri\u00e7\u00e3o Geral Efetuar a instala\u00e7\u00e3o, a configura\u00e7\u00e3o e a manuten\u00e7\u00e3o de ferramentas, equipamentos e sistemas inform\u00e1ticos, suportados em diferentes plataformas e sistemas operativos, e proceder&hellip;\" \/>\n<meta property=\"og:url\" content=\"http:\/\/portal550.aevn.pt\/index.php\/alunos\/cursos-profissionais\/tecnico-a-de-informatica-sistemas\/\" \/>\n<meta property=\"og:site_name\" content=\"Agrupamento de Escolas de Vendas Novas\" \/>\n<meta property=\"article:publisher\" content=\"https:\/\/www.facebook.com\/agrupamentoescolasvendasnovas\" \/>\n<meta property=\"article:modified_time\" content=\"2023-07-21T09:58:49+00:00\" \/>\n<meta name=\"twitter:card\" content=\"summary_large_image\" \/>\n<meta name=\"twitter:label1\" content=\"Tempo estimado de leitura\" \/>\n\t<meta name=\"twitter:data1\" content=\"3 minutos\" \/>\n<script type=\"application\/ld+json\" class=\"yoast-schema-graph\">{\"@context\":\"https:\/\/schema.org\",\"@graph\":[{\"@type\":\"WebPage\",\"@id\":\"http:\/\/portal550.aevn.pt\/index.php\/alunos\/cursos-profissionais\/tecnico-a-de-informatica-sistemas\/\",\"url\":\"http:\/\/portal550.aevn.pt\/index.php\/alunos\/cursos-profissionais\/tecnico-a-de-informatica-sistemas\/\",\"name\":\"T\u00e9cnico\/a de Inform\u00e1tica - Sistemas - Agrupamento de Escolas de Vendas Novas\",\"isPartOf\":{\"@id\":\"http:\/\/portal550.aevn.pt\/#website\"},\"datePublished\":\"2023-07-21T09:51:04+00:00\",\"dateModified\":\"2023-07-21T09:58:49+00:00\",\"breadcrumb\":{\"@id\":\"http:\/\/portal550.aevn.pt\/index.php\/alunos\/cursos-profissionais\/tecnico-a-de-informatica-sistemas\/#breadcrumb\"},\"inLanguage\":\"pt-PT\",\"potentialAction\":[{\"@type\":\"ReadAction\",\"target\":[\"http:\/\/portal550.aevn.pt\/index.php\/alunos\/cursos-profissionais\/tecnico-a-de-informatica-sistemas\/\"]}]},{\"@type\":\"BreadcrumbList\",\"@id\":\"http:\/\/portal550.aevn.pt\/index.php\/alunos\/cursos-profissionais\/tecnico-a-de-informatica-sistemas\/#breadcrumb\",\"itemListElement\":[{\"@type\":\"ListItem\",\"position\":1,\"name\":\"In\u00edcio\",\"item\":\"http:\/\/portal550.aevn.pt\/\"},{\"@type\":\"ListItem\",\"position\":2,\"name\":\"Alunos\",\"item\":\"http:\/\/portal550.aevn.pt\/index.php\/alunos\/\"},{\"@type\":\"ListItem\",\"position\":3,\"name\":\"Cursos Profissionais\",\"item\":\"http:\/\/portal550.aevn.pt\/index.php\/alunos\/cursos-profissionais\/\"},{\"@type\":\"ListItem\",\"position\":4,\"name\":\"T\u00e9cnico\/a de Inform\u00e1tica &#8211; Sistemas\"}]},{\"@type\":\"WebSite\",\"@id\":\"http:\/\/portal550.aevn.pt\/#website\",\"url\":\"http:\/\/portal550.aevn.pt\/\",\"name\":\"Agrupamento de Escolas de Vendas Novas\",\"description\":\"\",\"publisher\":{\"@id\":\"http:\/\/portal550.aevn.pt\/#organization\"},\"potentialAction\":[{\"@type\":\"SearchAction\",\"target\":{\"@type\":\"EntryPoint\",\"urlTemplate\":\"http:\/\/portal550.aevn.pt\/?s={search_term_string}\"},\"query-input\":{\"@type\":\"PropertyValueSpecification\",\"valueRequired\":true,\"valueName\":\"search_term_string\"}}],\"inLanguage\":\"pt-PT\"},{\"@type\":\"Organization\",\"@id\":\"http:\/\/portal550.aevn.pt\/#organization\",\"name\":\"Agrupamento de Escolas de Vendas Novas\",\"url\":\"http:\/\/portal550.aevn.pt\/\",\"logo\":{\"@type\":\"ImageObject\",\"inLanguage\":\"pt-PT\",\"@id\":\"http:\/\/portal550.aevn.pt\/#\/schema\/logo\/image\/\",\"url\":\"http:\/\/portal550.aevn.pt\/wp-content\/uploads\/2023\/07\/logo_AEVNweb.png\",\"contentUrl\":\"http:\/\/portal550.aevn.pt\/wp-content\/uploads\/2023\/07\/logo_AEVNweb.png\",\"width\":500,\"height\":150,\"caption\":\"Agrupamento de Escolas de Vendas Novas\"},\"image\":{\"@id\":\"http:\/\/portal550.aevn.pt\/#\/schema\/logo\/image\/\"},\"sameAs\":[\"https:\/\/www.facebook.com\/agrupamentoescolasvendasnovas\"]}]}<\/script>\n<!-- \/ Yoast SEO plugin. -->","yoast_head_json":{"title":"T\u00e9cnico\/a de Inform\u00e1tica - Sistemas - Agrupamento de Escolas de Vendas Novas","robots":{"index":"index","follow":"follow","max-snippet":"max-snippet:-1","max-image-preview":"max-image-preview:large","max-video-preview":"max-video-preview:-1"},"canonical":"http:\/\/portal550.aevn.pt\/index.php\/alunos\/cursos-profissionais\/tecnico-a-de-informatica-sistemas\/","og_locale":"pt_PT","og_type":"article","og_title":"T\u00e9cnico\/a de Inform\u00e1tica - Sistemas - Agrupamento de Escolas de Vendas Novas","og_description":"Descri\u00e7\u00e3o Geral Efetuar a instala\u00e7\u00e3o, a configura\u00e7\u00e3o e a manuten\u00e7\u00e3o de ferramentas, equipamentos e sistemas inform\u00e1ticos, suportados em diferentes plataformas e sistemas operativos, e proceder&hellip;","og_url":"http:\/\/portal550.aevn.pt\/index.php\/alunos\/cursos-profissionais\/tecnico-a-de-informatica-sistemas\/","og_site_name":"Agrupamento de Escolas de Vendas Novas","article_publisher":"https:\/\/www.facebook.com\/agrupamentoescolasvendasnovas","article_modified_time":"2023-07-21T09:58:49+00:00","twitter_card":"summary_large_image","twitter_misc":{"Tempo estimado de leitura":"3 minutos"},"schema":{"@context":"https:\/\/schema.org","@graph":[{"@type":"WebPage","@id":"http:\/\/portal550.aevn.pt\/index.php\/alunos\/cursos-profissionais\/tecnico-a-de-informatica-sistemas\/","url":"http:\/\/portal550.aevn.pt\/index.php\/alunos\/cursos-profissionais\/tecnico-a-de-informatica-sistemas\/","name":"T\u00e9cnico\/a de Inform\u00e1tica - Sistemas - Agrupamento de Escolas de Vendas Novas","isPartOf":{"@id":"http:\/\/portal550.aevn.pt\/#website"},"datePublished":"2023-07-21T09:51:04+00:00","dateModified":"2023-07-21T09:58:49+00:00","breadcrumb":{"@id":"http:\/\/portal550.aevn.pt\/index.php\/alunos\/cursos-profissionais\/tecnico-a-de-informatica-sistemas\/#breadcrumb"},"inLanguage":"pt-PT","potentialAction":[{"@type":"ReadAction","target":["http:\/\/portal550.aevn.pt\/index.php\/alunos\/cursos-profissionais\/tecnico-a-de-informatica-sistemas\/"]}]},{"@type":"BreadcrumbList","@id":"http:\/\/portal550.aevn.pt\/index.php\/alunos\/cursos-profissionais\/tecnico-a-de-informatica-sistemas\/#breadcrumb","itemListElement":[{"@type":"ListItem","position":1,"name":"In\u00edcio","item":"http:\/\/portal550.aevn.pt\/"},{"@type":"ListItem","position":2,"name":"Alunos","item":"http:\/\/portal550.aevn.pt\/index.php\/alunos\/"},{"@type":"ListItem","position":3,"name":"Cursos Profissionais","item":"http:\/\/portal550.aevn.pt\/index.php\/alunos\/cursos-profissionais\/"},{"@type":"ListItem","position":4,"name":"T\u00e9cnico\/a de Inform\u00e1tica &#8211; Sistemas"}]},{"@type":"WebSite","@id":"http:\/\/portal550.aevn.pt\/#website","url":"http:\/\/portal550.aevn.pt\/","name":"Agrupamento de Escolas de Vendas Novas","description":"","publisher":{"@id":"http:\/\/portal550.aevn.pt\/#organization"},"potentialAction":[{"@type":"SearchAction","target":{"@type":"EntryPoint","urlTemplate":"http:\/\/portal550.aevn.pt\/?s={search_term_string}"},"query-input":{"@type":"PropertyValueSpecification","valueRequired":true,"valueName":"search_term_string"}}],"inLanguage":"pt-PT"},{"@type":"Organization","@id":"http:\/\/portal550.aevn.pt\/#organization","name":"Agrupamento de Escolas de Vendas Novas","url":"http:\/\/portal550.aevn.pt\/","logo":{"@type":"ImageObject","inLanguage":"pt-PT","@id":"http:\/\/portal550.aevn.pt\/#\/schema\/logo\/image\/","url":"http:\/\/portal550.aevn.pt\/wp-content\/uploads\/2023\/07\/logo_AEVNweb.png","contentUrl":"http:\/\/portal550.aevn.pt\/wp-content\/uploads\/2023\/07\/logo_AEVNweb.png","width":500,"height":150,"caption":"Agrupamento de Escolas de Vendas Novas"},"image":{"@id":"http:\/\/portal550.aevn.pt\/#\/schema\/logo\/image\/"},"sameAs":["https:\/\/www.facebook.com\/agrupamentoescolasvendasnovas"]}]}},"uagb_featured_image_src":{"full":false,"thumbnail":false,"medium":false,"medium_large":false,"large":false,"1536x1536":false,"2048x2048":false,"qubely_landscape":false,"qubely_portrait":false,"qubely_thumbnail":false},"uagb_author_info":{"display_name":"admin","author_link":"http:\/\/portal550.aevn.pt\/index.php\/author\/f529\/"},"uagb_comment_info":0,"uagb_excerpt":"Descri\u00e7\u00e3o Geral Efetuar a instala\u00e7\u00e3o, a configura\u00e7\u00e3o e a manuten\u00e7\u00e3o de ferramentas, equipamentos e sistemas inform\u00e1ticos, suportados em diferentes plataformas e sistemas operativos, e proceder&hellip;","jetpack_sharing_enabled":true,"_links":{"self":[{"href":"http:\/\/portal550.aevn.pt\/index.php\/wp-json\/wp\/v2\/pages\/2242","targetHints":{"allow":["GET"]}}],"collection":[{"href":"http:\/\/portal550.aevn.pt\/index.php\/wp-json\/wp\/v2\/pages"}],"about":[{"href":"http:\/\/portal550.aevn.pt\/index.php\/wp-json\/wp\/v2\/types\/page"}],"author":[{"embeddable":true,"href":"http:\/\/portal550.aevn.pt\/index.php\/wp-json\/wp\/v2\/users\/1"}],"replies":[{"embeddable":true,"href":"http:\/\/portal550.aevn.pt\/index.php\/wp-json\/wp\/v2\/comments?post=2242"}],"version-history":[{"count":2,"href":"http:\/\/portal550.aevn.pt\/index.php\/wp-json\/wp\/v2\/pages\/2242\/revisions"}],"predecessor-version":[{"id":2250,"href":"http:\/\/portal550.aevn.pt\/index.php\/wp-json\/wp\/v2\/pages\/2242\/revisions\/2250"}],"up":[{"embeddable":true,"href":"http:\/\/portal550.aevn.pt\/index.php\/wp-json\/wp\/v2\/pages\/1542"}],"wp:attachment":[{"href":"http:\/\/portal550.aevn.pt\/index.php\/wp-json\/wp\/v2\/media?parent=2242"}],"curies":[{"name":"wp","href":"https:\/\/api.w.org\/{rel}","templated":true}]}}