{"id":1542,"date":"2023-07-12T19:02:00","date_gmt":"2023-07-12T19:02:00","guid":{"rendered":"http:\/\/portal550.aevn.pt\/?page_id=1542"},"modified":"2023-07-21T09:57:20","modified_gmt":"2023-07-21T09:57:20","slug":"cursos-profissionais","status":"publish","type":"page","link":"http:\/\/portal550.aevn.pt\/index.php\/alunos\/cursos-profissionais\/","title":{"rendered":"Cursos Profissionais"},"content":{"rendered":"\n<div class=\"wp-block-uagb-container uagb-block-484ade34 alignwide uagb-is-root-container\">\n<div class=\"wp-block-uagb-container uagb-block-9d1f6e50\">\n<p>Os Cursos Profissionais s\u00e3o um dos percursos do n\u00edvel secund\u00e1rio de educa\u00e7\u00e3o, caracterizado por uma forte liga\u00e7\u00e3o com o mundo profissional. Tendo em conta o teu perfil pessoal, a aprendizagem realizada nestes cursos valoriza o desenvolvimento de compet\u00eancias para o exerc\u00edcio de uma profiss\u00e3o, em articula\u00e7\u00e3o com o setor empresarial local.<\/p>\n<\/div>\n\n\n\n<div class=\"wp-block-uagb-container uagb-block-0f18d923\">\n<div class=\"wp-block-qubely-image qubely-block-97f1e7\"><div class=\"qubely-block-image  qubely-image-layout-simple\"><div class=\"qubely-image-media qubely-vertical-alignment-center qubely-horizontal-alignment-center\"><figure><div class=\"qubely-image-container\"><a href=\"http:\/\/portal550.aevn.pt\/index.php\/alunos\/cursos-profissionais\/eqavet\/\"><img decoding=\"async\" class=\"qubely-image-image\" src=\"http:\/\/portal550.aevn.pt\/wp-content\/uploads\/2023\/07\/Selo_EQAVET.png\" alt=\"\"\/><\/a><\/div><\/figure><\/div><\/div><\/div>\n<\/div>\n<\/div>\n\n\n\n<div class=\"wp-block-uagb-container uagb-block-24d35a29 alignwide uagb-is-root-container\">\n<div class=\"wp-block-uagb-container uagb-block-0ab83aa8\">\n<div class=\"wp-block-uagb-inline-notice uagb-inline_notice__align-left uagb-block-6ed45039\"><h4 class=\"uagb-notice-title\">Para quem?<\/h4><div class=\"uagb-notice-text\">Os Cursos Profissionais podem ser o percurso mais indicado para ti se:<br>&#8211; conclu\u00edste o 9.\u00ba ano de escolaridade ou forma\u00e7\u00e3o equivalente;<br>&#8211; procuras um ensino mais pr\u00e1tico e voltado para o mundo do trabalho;<br>&#8211; n\u00e3o excluis a hip\u00f3tese de, mais tarde, prosseguires estudos.<\/div><\/div>\n<\/div>\n\n\n\n<div class=\"wp-block-uagb-container uagb-block-3afac184\">\n<div class=\"wp-block-uagb-inline-notice uagb-inline_notice__align-left uagb-block-94d5da5c\"><h4 class=\"uagb-notice-title\">Qual o objetivo?<\/h4><div class=\"uagb-notice-text\">Os Cursos Profissionais s\u00e3o percursos que cumprem v\u00e1rios objetivos:<br>&#8211; contribuem para que desenvolvas compet\u00eancias pessoais e profissionais para o exerc\u00edcio de uma profiss\u00e3o;<br>&#8211; privilegiam as ofertas formativas que correspondem \u00e0s necessidades de trabalho locais e regionais;<br>&#8211; preparam-te para acederes a forma\u00e7\u00f5es p\u00f3s-secund\u00e1rias ou ao ensino superior, se for essa a tua vontade.<\/div><\/div>\n<\/div>\n\n\n\n<div class=\"wp-block-uagb-container uagb-block-9322cff9\">\n<div class=\"wp-block-uagb-inline-notice uagb-inline_notice__align-left uagb-block-53061b32\"><h4 class=\"uagb-notice-title\">O que s\u00e3o?<\/h4><div class=\"uagb-notice-text\">Estes cursos t\u00eam uma estrutura curricular organizada por m\u00f3dulos, o que permite maior flexibilidade e respeito pelos teus ritmos de aprendizagem.<br>O plano de estudos inclui tr\u00eas componentes de forma\u00e7\u00e3o:<br>&#8211; Sociocultural;<br>&#8211; Cient\u00edfica;<br>&#8211; T\u00e9cnica.<br><br>A componente de forma\u00e7\u00e3o T\u00e9cnica inclui obrigatoriamente uma forma\u00e7\u00e3o em contexto de trabalho (FCT).<br><br>Estes cursos culminam com a apresenta\u00e7\u00e3o de um projeto, designado por Prova de Aptid\u00e3o Profissional (PAP), no qual demonstrar\u00e1s as compet\u00eancias e saberes que desenvolveste ao longo da forma\u00e7\u00e3o.<\/div><\/div>\n<\/div>\n<\/div>\n\n\n\n<div style=\"height:30px\" aria-hidden=\"true\" class=\"wp-block-spacer\"><\/div>\n\n\n\n<div class=\"wp-block-uagb-container uagb-block-6b3ef10d alignwide uagb-is-root-container\">\n<div class=\"wp-block-uagb-container uagb-block-c5a193b4\">\n<div class=\"wp-block-uagb-info-box uagb-block-7330a995 uagb-infobox__content-wrap  uagb-infobox-icon-above-title uagb-infobox-image-valign-top\"><div class=\"uagb-ifb-content\"><div class=\"uagb-ifb-icon-wrap\"><svg xmlns=\"https:\/\/www.w3.org\/2000\/svg\" viewBox=\"0 0 576 512\"><path d=\"M147.8 192H480V144C480 117.5 458.5 96 432 96h-160l-64-64h-160C21.49 32 0 53.49 0 80v328.4l90.54-181.1C101.4 205.6 123.4 192 147.8 192zM543.1 224H147.8C135.7 224 124.6 230.8 119.2 241.7L0 480h447.1c12.12 0 23.2-6.852 28.62-17.69l96-192C583.2 249 567.7 224 543.1 224z\"><\/path><\/svg><\/div><div class=\"uagb-ifb-title-wrap\"><h3 class=\"uagb-ifb-title\">Regulamentos &#8211; Cursos Profissionais<\/h3><\/div><\/div><\/div>\n\n\n\n<ul class=\"wp-block-list\">\n<li>De acordo com a Portaria N.\u00ba 235-A\/2018 de 23 de agosto<\/li>\n\n\n\n<li><a href=\"https:\/\/aevn.pt\/docs\/Normas\/Regulamento_dos_Cursos_Profissionais.pdf\" target=\"_blank\" rel=\"noreferrer noopener\">Regulamento dos Cursos Profissionais<\/a>\n<ul class=\"wp-block-list\">\n<li><a href=\"https:\/\/aevn.pt\/docs\/Normas\/Regulamento_PAP.pdf\" target=\"_blank\" rel=\"noreferrer noopener\">Regulamento da PAP<\/a><\/li>\n\n\n\n<li><a href=\"https:\/\/aevn.pt\/docs\/Normas\/Regulamento_FCT.pdf\" target=\"_blank\" rel=\"noreferrer noopener\">Regulamento da FCT<\/a><\/li>\n<\/ul>\n<\/li>\n<\/ul>\n<\/div>\n\n\n\n<div class=\"wp-block-uagb-container uagb-block-3c3055c8\">\n<div class=\"wp-block-uagb-info-box uagb-block-43048ade uagb-infobox__content-wrap  uagb-infobox-icon-above-title uagb-infobox-image-valign-top\"><div class=\"uagb-ifb-content\"><div class=\"uagb-ifb-icon-wrap\"><svg xmlns=\"https:\/\/www.w3.org\/2000\/svg\" viewBox=\"0 0 576 512\"><path d=\"M147.8 192H480V144C480 117.5 458.5 96 432 96h-160l-64-64h-160C21.49 32 0 53.49 0 80v328.4l90.54-181.1C101.4 205.6 123.4 192 147.8 192zM543.1 224H147.8C135.7 224 124.6 230.8 119.2 241.7L0 480h447.1c12.12 0 23.2-6.852 28.62-17.69l96-192C583.2 249 567.7 224 543.1 224z\"><\/path><\/svg><\/div><div class=\"uagb-ifb-title-wrap\"><h3 class=\"uagb-ifb-title\">Relat\u00f3rios &#8211; Cursos Profissionais<\/h3><\/div><\/div><\/div>\n\n\n\n<ul class=\"wp-block-list\">\n<li><a href=\"https:\/\/aevn.pt\/docs\/20192020\/RelatorioCursosProfissionais20192020.pdf\" target=\"_blank\" rel=\"noreferrer noopener\">Relat\u00f3rio 2019\/2020<\/a><\/li>\n\n\n\n<li><a href=\"https:\/\/aevn.pt\/docs\/20202021\/RelatorioCursosProfissionais20202021-3P.pdf\" target=\"_blank\" rel=\"noreferrer noopener\">Relat\u00f3rio 2020\/2021<\/a><\/li>\n\n\n\n<li><a href=\"https:\/\/aevn.pt\/docs\/20212022\/RelatorioCursosProfissionais20212022-3P.pdf\" target=\"_blank\" rel=\"noreferrer noopener\">Relat\u00f3rio 2021\/2022<\/a><\/li>\n\n\n\n<li><a href=\"https:\/\/aevn.pt\/docs\/20222023\/RelatorioCursosProfissionais20222023-1S.pdf\" target=\"_blank\" rel=\"noreferrer noopener\">Relat\u00f3rio 2022\/2023<\/a><\/li>\n<\/ul>\n<\/div>\n<\/div>\n\n\n\n<div style=\"height:30px\" aria-hidden=\"true\" class=\"wp-block-spacer\"><\/div>\n\n\n\n<h3 class=\"wp-block-heading\">Cursos Profissionais lecionados no Agrupamento:<\/h3>\n\n\n\n<div class=\"wp-block-uagb-container uagb-block-b8cfb6ec alignfull uagb-is-root-container\"><div class=\"uagb-container-inner-blocks-wrap\">\n<div class=\"wp-block-uagb-container uagb-block-cd1253f7\">\n<div class=\"wp-block-uagb-info-box uagb-block-0c51fb1c uagb-infobox__content-wrap  uagb-infobox_cta-type-all uagb-infobox-icon-above-title uagb-infobox-image-valign-top\"><a href=\"http:\/\/portal550.aevn.pt\/index.php\/alunos\/cursos-profissionais\/tecnico-a-de-informatica-sistemas\/\" class=\"uagb-infobox-link-wrap uagb-infbox__link-to-all\" target=\"_self\" aria-label=\"Infobox Link\" rel=\"noopener noreferrer\" onclick=\"return true;\"><\/a><div class=\"uagb-ifb-content\"><div class=\"uagb-ifb-icon-wrap\"><svg xmlns=\"https:\/\/www.w3.org\/2000\/svg\" viewBox=\"0 0 640 512\"><path d=\"M400 32C426.5 32 448 53.49 448 80V336C448 362.5 426.5 384 400 384H266.7L277.3 416H352C369.7 416 384 430.3 384 448C384 465.7 369.7 480 352 480H96C78.33 480 64 465.7 64 448C64 430.3 78.33 416 96 416H170.7L181.3 384H48C21.49 384 0 362.5 0 336V80C0 53.49 21.49 32 48 32H400zM64 96V320H384V96H64zM592 32C618.5 32 640 53.49 640 80V432C640 458.5 618.5 480 592 480H528C501.5 480 480 458.5 480 432V80C480 53.49 501.5 32 528 32H592zM544 96C535.2 96 528 103.2 528 112C528 120.8 535.2 128 544 128H576C584.8 128 592 120.8 592 112C592 103.2 584.8 96 576 96H544zM544 192H576C584.8 192 592 184.8 592 176C592 167.2 584.8 160 576 160H544C535.2 160 528 167.2 528 176C528 184.8 535.2 192 544 192zM560 400C577.7 400 592 385.7 592 368C592 350.3 577.7 336 560 336C542.3 336 528 350.3 528 368C528 385.7 542.3 400 560 400z\"><\/path><\/svg><\/div><div class=\"uagb-ifb-title-wrap\"><h3 class=\"uagb-ifb-title\">Curso Profissional de <br>T\u00e9cnico\/a de<br>Inform\u00e1tica &#8211; Sistemas<\/h3><\/div><div class=\"uagb-ifb-button-wrapper wp-block-button\"><\/div><\/div><\/div>\n<\/div>\n\n\n\n<div class=\"wp-block-uagb-container uagb-block-a366dbe1\">\n<div class=\"wp-block-uagb-info-box uagb-block-753e1d1b uagb-infobox__content-wrap  uagb-infobox_cta-type-all uagb-infobox-icon-above-title uagb-infobox-image-valign-top\"><a href=\"http:\/\/portal550.aevn.pt\/index.php\/alunos\/cursos-profissionais\/tecnico-a-de-apoio-psicossocial\/\" class=\"uagb-infobox-link-wrap uagb-infbox__link-to-all\" target=\"_self\" aria-label=\"Infobox Link\" rel=\"noopener noreferrer\" onclick=\"return true;\"><\/a><div class=\"uagb-ifb-content\"><div class=\"uagb-ifb-icon-wrap\"><svg xmlns=\"https:\/\/www.w3.org\/2000\/svg\" viewBox=\"0 0 640 512\"><path d=\"M208 112C208 50.14 258.1 0 320 0C381.9 0 432 50.14 432 112C432 173.9 381.9 224 320 224C258.1 224 208 173.9 208 112zM80 258.7L140.3 339C149.7 351.6 167.7 353.8 179.9 343.8C190.4 335.1 193.1 319.1 186 308.3L164.6 272.5C155.9 258 159.9 239.3 173.7 229.7C187.6 220.1 206.5 222.9 216.1 236L263.5 294.1C279.3 313.1 288 338.6 288 364.1V480C288 497.7 273.7 512 256 512H160C150.3 512 141.1 507.6 135 499.1L14.02 348.8C4.946 337.4 0 323.3 0 308.8V103.1C0 81.91 17.91 63.1 40 63.1C62.09 63.1 80 81.91 80 103.1V258.7zM640 104V308.8C640 323.3 635.1 337.4 625.1 348.8L504.1 499.1C498.9 507.6 489.7 512 480 512H384C366.3 512 352 497.7 352 480V364.1C352 338.6 360.7 313.1 376.5 294.1L423 236C433.5 222.9 452.4 220.1 466.3 229.7C480.1 239.3 484.1 258 475.4 272.5L453.1 308.3C446.9 319.1 449.6 335.1 460.2 343.8C472.3 353.8 490.3 351.6 499.7 339L560 258.7V104C560 81.91 577.9 64 600 64C622.1 64 640 81.91 640 104V104z\"><\/path><\/svg><\/div><div class=\"uagb-ifb-title-wrap\"><h3 class=\"uagb-ifb-title\">Curso Profissional de <br>T\u00e9cnico\/a de<br>Apoio Psicossocial<\/h3><\/div><div class=\"uagb-ifb-button-wrapper wp-block-button\"><\/div><\/div><\/div>\n<\/div>\n\n\n\n<div class=\"wp-block-uagb-container uagb-block-d3daaf50\">\n<div class=\"wp-block-uagb-info-box uagb-block-181b6692 uagb-infobox__content-wrap  uagb-infobox_cta-type-all uagb-infobox-icon-above-title uagb-infobox-image-valign-top\"><a href=\"http:\/\/portal550.aevn.pt\/index.php\/alunos\/cursos-profissionais\/tecnico-a-de-restaurante-bar\/\" class=\"uagb-infobox-link-wrap uagb-infbox__link-to-all\" target=\"_self\" aria-label=\"Infobox Link\" rel=\"noopener noreferrer\" onclick=\"return true;\"><\/a><div class=\"uagb-ifb-content\"><div class=\"uagb-ifb-icon-wrap\"><svg xmlns=\"https:\/\/www.w3.org\/2000\/svg\" viewBox=\"0 0 512 512\"><path d=\"M256 112V128C256 136.8 248.8 144 240 144C195.8 144 160 108.2 160 64V48C160 39.16 167.2 32 176 32C220.2 32 256 67.82 256 112zM104 64C117.3 64 128 74.75 128 88C128 101.3 117.3 112 104 112H56C42.75 112 32 101.3 32 88C32 74.75 42.75 64 56 64H104zM136 136C149.3 136 160 146.7 160 160C160 173.3 149.3 184 136 184H24C10.75 184 0 173.3 0 160C0 146.7 10.75 136 24 136H136zM32 232C32 218.7 42.75 208 56 208H104C117.3 208 128 218.7 128 232C128 245.3 117.3 256 104 256H56C42.75 256 32 245.3 32 232zM272 48C272 39.16 279.2 32 288 32C332.2 32 368 67.82 368 112V128C368 136.8 360.8 144 352 144C307.8 144 272 108.2 272 64V48zM480 112V128C480 136.8 472.8 144 464 144C419.8 144 384 108.2 384 64V48C384 39.16 391.2 32 400 32C444.2 32 480 67.82 480 112zM480 208C480 252.2 444.2 288 400 288C391.2 288 384 280.8 384 272V256C384 211.8 419.8 176 464 176C472.8 176 480 183.2 480 192V208zM352 176C360.8 176 368 183.2 368 192V208C368 252.2 332.2 288 288 288C279.2 288 272 280.8 272 272V256C272 211.8 307.8 176 352 176zM256 208C256 252.2 220.2 288 176 288C167.2 288 160 280.8 160 272V256C160 211.8 195.8 176 240 176C248.8 176 256 183.2 256 192V208zM0 352C0 334.3 14.33 320 32 320H480C497.7 320 512 334.3 512 352C512 411.7 471.1 461.9 415.8 476C415.9 477.3 416 478.7 416 480C416 497.7 401.7 512 384 512H128C110.3 512 96 497.7 96 480C96 478.7 96.08 477.3 96.24 476C40.91 461.9 0 411.7 0 352V352z\"><\/path><\/svg><\/div><div class=\"uagb-ifb-title-wrap\"><h3 class=\"uagb-ifb-title\">Curso Profissional de <br>T\u00e9cnico\/a de<br>Restaurante\/Bar<\/h3><\/div><div class=\"uagb-ifb-button-wrapper wp-block-button\"><\/div><\/div><\/div>\n<\/div>\n\n\n\n<div class=\"wp-block-uagb-container uagb-block-188ed461\">\n<div class=\"wp-block-uagb-info-box uagb-block-095acb3e uagb-infobox__content-wrap  uagb-infobox_cta-type-all uagb-infobox-icon-above-title uagb-infobox-image-valign-top\"><a href=\"http:\/\/portal550.aevn.pt\/index.php\/alunos\/cursos-profissionais\/tecnico-a-de-desporto\/\" class=\"uagb-infobox-link-wrap uagb-infbox__link-to-all\" target=\"_self\" aria-label=\"Infobox Link\" rel=\"noopener noreferrer\" onclick=\"return true;\"><\/a><div class=\"uagb-ifb-content\"><div class=\"uagb-ifb-icon-wrap\"><svg xmlns=\"https:\/\/www.w3.org\/2000\/svg\" viewBox=\"0 0 448 512\"><path d=\"M400 224h-44l-26.12-53.25c-12.5-25.5-35.38-44.25-61.75-51L197 98.63C189.5 96.84 181.1 95.97 174.5 95.97c-20.88 0-41.33 6.81-58.26 19.78L76.5 146.3C68.31 152.5 64.01 162 64.01 171.6c0 17.11 13.67 32.02 32.02 32.02c6.808 0 13.67-2.158 19.47-6.616l39.63-30.38c5.92-4.488 13.01-6.787 19.53-6.787c2.017 0 3.981 .2196 5.841 .6623l14.62 4.25l-37.5 87.5C154.1 260.3 152.5 268.8 152.5 277.2c0 22.09 11.49 43.52 31.51 55.29l85 50.13l-27.5 87.75c-.9875 3.174-1.458 6.388-1.458 9.55c0 13.65 8.757 26.31 22.46 30.58C265.6 511.5 268.9 512 272 512c13.62 0 26.25-8.75 30.5-22.5l31.75-101c1.211-4.278 1.796-8.625 1.796-12.93c0-16.57-8.661-32.51-23.55-41.44l-61.13-36.12l31.25-78.38l20.25 41.5C310.9 277.4 327.9 288 345.1 288H400c17.62 0 32-14.38 32-32C432 238.3 417.6 224 400 224zM288 96c26.5 0 48-21.5 48-48s-21.5-48-48-48s-48 21.5-48 48S261.5 96 288 96zM129.8 317.5L114.9 352H48c-17.62 0-32 14.38-32 32s14.38 32 32 32h77.5c19.25 0 36.5-11.5 44-29.12l8.875-20.5l-10.75-6.25C150.4 349.9 137.6 334.8 129.8 317.5z\"><\/path><\/svg><\/div><div class=\"uagb-ifb-title-wrap\"><h3 class=\"uagb-ifb-title\">Curso Profissional de <br>T\u00e9cnico\/a de<br>Desporto<\/h3><\/div><div class=\"uagb-ifb-button-wrapper wp-block-button\"><\/div><\/div><\/div>\n<\/div>\n<\/div><\/div>\n\n\n\n<div style=\"height:100px\" aria-hidden=\"true\" class=\"wp-block-spacer\"><\/div>\n","protected":false},"excerpt":{"rendered":"<p>Os Cursos Profissionais s\u00e3o um dos percursos do n\u00edvel secund\u00e1rio de educa\u00e7\u00e3o, caracterizado por uma forte liga\u00e7\u00e3o com o mundo profissional. Tendo em conta o&hellip;<\/p>\n","protected":false},"author":1,"featured_media":0,"parent":1944,"menu_order":0,"comment_status":"closed","ping_status":"closed","template":"","meta":{"qubely_global_settings":"","qubely_interactions":"","_uag_custom_page_level_css":"","footnotes":""},"class_list":["post-1542","page","type-page","status-publish","hentry"],"yoast_head":"<!-- This site is optimized with the Yoast SEO plugin v26.3 - https:\/\/yoast.com\/wordpress\/plugins\/seo\/ -->\n<title>Cursos Profissionais - Agrupamento de Escolas de Vendas Novas<\/title>\n<meta name=\"robots\" content=\"index, follow, max-snippet:-1, max-image-preview:large, max-video-preview:-1\" \/>\n<link rel=\"canonical\" href=\"http:\/\/portal550.aevn.pt\/index.php\/alunos\/cursos-profissionais\/\" \/>\n<meta property=\"og:locale\" content=\"pt_PT\" \/>\n<meta property=\"og:type\" content=\"article\" \/>\n<meta property=\"og:title\" content=\"Cursos Profissionais - Agrupamento de Escolas de Vendas Novas\" \/>\n<meta property=\"og:description\" content=\"Os Cursos Profissionais s\u00e3o um dos percursos do n\u00edvel secund\u00e1rio de educa\u00e7\u00e3o, caracterizado por uma forte liga\u00e7\u00e3o com o mundo profissional. Tendo em conta o&hellip;\" \/>\n<meta property=\"og:url\" content=\"http:\/\/portal550.aevn.pt\/index.php\/alunos\/cursos-profissionais\/\" \/>\n<meta property=\"og:site_name\" content=\"Agrupamento de Escolas de Vendas Novas\" \/>\n<meta property=\"article:publisher\" content=\"https:\/\/www.facebook.com\/agrupamentoescolasvendasnovas\" \/>\n<meta property=\"article:modified_time\" content=\"2023-07-21T09:57:20+00:00\" \/>\n<meta property=\"og:image\" content=\"http:\/\/portal550.aevn.pt\/wp-content\/uploads\/2023\/07\/Selo_EQAVET.png\" \/>\n<meta name=\"twitter:card\" content=\"summary_large_image\" \/>\n<meta name=\"twitter:label1\" content=\"Tempo estimado de leitura\" \/>\n\t<meta name=\"twitter:data1\" content=\"2 minutos\" \/>\n<script type=\"application\/ld+json\" class=\"yoast-schema-graph\">{\"@context\":\"https:\/\/schema.org\",\"@graph\":[{\"@type\":\"WebPage\",\"@id\":\"http:\/\/portal550.aevn.pt\/index.php\/alunos\/cursos-profissionais\/\",\"url\":\"http:\/\/portal550.aevn.pt\/index.php\/alunos\/cursos-profissionais\/\",\"name\":\"Cursos Profissionais - Agrupamento de Escolas de Vendas Novas\",\"isPartOf\":{\"@id\":\"http:\/\/portal550.aevn.pt\/#website\"},\"primaryImageOfPage\":{\"@id\":\"http:\/\/portal550.aevn.pt\/index.php\/alunos\/cursos-profissionais\/#primaryimage\"},\"image\":{\"@id\":\"http:\/\/portal550.aevn.pt\/index.php\/alunos\/cursos-profissionais\/#primaryimage\"},\"thumbnailUrl\":\"http:\/\/portal550.aevn.pt\/wp-content\/uploads\/2023\/07\/Selo_EQAVET.png\",\"datePublished\":\"2023-07-12T19:02:00+00:00\",\"dateModified\":\"2023-07-21T09:57:20+00:00\",\"breadcrumb\":{\"@id\":\"http:\/\/portal550.aevn.pt\/index.php\/alunos\/cursos-profissionais\/#breadcrumb\"},\"inLanguage\":\"pt-PT\",\"potentialAction\":[{\"@type\":\"ReadAction\",\"target\":[\"http:\/\/portal550.aevn.pt\/index.php\/alunos\/cursos-profissionais\/\"]}]},{\"@type\":\"ImageObject\",\"inLanguage\":\"pt-PT\",\"@id\":\"http:\/\/portal550.aevn.pt\/index.php\/alunos\/cursos-profissionais\/#primaryimage\",\"url\":\"http:\/\/portal550.aevn.pt\/wp-content\/uploads\/2023\/07\/Selo_EQAVET.png\",\"contentUrl\":\"http:\/\/portal550.aevn.pt\/wp-content\/uploads\/2023\/07\/Selo_EQAVET.png\",\"width\":500,\"height\":500,\"caption\":\"EQAVET\"},{\"@type\":\"BreadcrumbList\",\"@id\":\"http:\/\/portal550.aevn.pt\/index.php\/alunos\/cursos-profissionais\/#breadcrumb\",\"itemListElement\":[{\"@type\":\"ListItem\",\"position\":1,\"name\":\"In\u00edcio\",\"item\":\"http:\/\/portal550.aevn.pt\/\"},{\"@type\":\"ListItem\",\"position\":2,\"name\":\"Alunos\",\"item\":\"http:\/\/portal550.aevn.pt\/index.php\/alunos\/\"},{\"@type\":\"ListItem\",\"position\":3,\"name\":\"Cursos Profissionais\"}]},{\"@type\":\"WebSite\",\"@id\":\"http:\/\/portal550.aevn.pt\/#website\",\"url\":\"http:\/\/portal550.aevn.pt\/\",\"name\":\"Agrupamento de Escolas de Vendas Novas\",\"description\":\"\",\"publisher\":{\"@id\":\"http:\/\/portal550.aevn.pt\/#organization\"},\"potentialAction\":[{\"@type\":\"SearchAction\",\"target\":{\"@type\":\"EntryPoint\",\"urlTemplate\":\"http:\/\/portal550.aevn.pt\/?s={search_term_string}\"},\"query-input\":{\"@type\":\"PropertyValueSpecification\",\"valueRequired\":true,\"valueName\":\"search_term_string\"}}],\"inLanguage\":\"pt-PT\"},{\"@type\":\"Organization\",\"@id\":\"http:\/\/portal550.aevn.pt\/#organization\",\"name\":\"Agrupamento de Escolas de Vendas Novas\",\"url\":\"http:\/\/portal550.aevn.pt\/\",\"logo\":{\"@type\":\"ImageObject\",\"inLanguage\":\"pt-PT\",\"@id\":\"http:\/\/portal550.aevn.pt\/#\/schema\/logo\/image\/\",\"url\":\"http:\/\/portal550.aevn.pt\/wp-content\/uploads\/2023\/07\/logo_AEVNweb.png\",\"contentUrl\":\"http:\/\/portal550.aevn.pt\/wp-content\/uploads\/2023\/07\/logo_AEVNweb.png\",\"width\":500,\"height\":150,\"caption\":\"Agrupamento de Escolas de Vendas Novas\"},\"image\":{\"@id\":\"http:\/\/portal550.aevn.pt\/#\/schema\/logo\/image\/\"},\"sameAs\":[\"https:\/\/www.facebook.com\/agrupamentoescolasvendasnovas\"]}]}<\/script>\n<!-- \/ Yoast SEO plugin. -->","yoast_head_json":{"title":"Cursos Profissionais - Agrupamento de Escolas de Vendas Novas","robots":{"index":"index","follow":"follow","max-snippet":"max-snippet:-1","max-image-preview":"max-image-preview:large","max-video-preview":"max-video-preview:-1"},"canonical":"http:\/\/portal550.aevn.pt\/index.php\/alunos\/cursos-profissionais\/","og_locale":"pt_PT","og_type":"article","og_title":"Cursos Profissionais - Agrupamento de Escolas de Vendas Novas","og_description":"Os Cursos Profissionais s\u00e3o um dos percursos do n\u00edvel secund\u00e1rio de educa\u00e7\u00e3o, caracterizado por uma forte liga\u00e7\u00e3o com o mundo profissional. Tendo em conta o&hellip;","og_url":"http:\/\/portal550.aevn.pt\/index.php\/alunos\/cursos-profissionais\/","og_site_name":"Agrupamento de Escolas de Vendas Novas","article_publisher":"https:\/\/www.facebook.com\/agrupamentoescolasvendasnovas","article_modified_time":"2023-07-21T09:57:20+00:00","og_image":[{"url":"http:\/\/portal550.aevn.pt\/wp-content\/uploads\/2023\/07\/Selo_EQAVET.png","type":"","width":"","height":""}],"twitter_card":"summary_large_image","twitter_misc":{"Tempo estimado de leitura":"2 minutos"},"schema":{"@context":"https:\/\/schema.org","@graph":[{"@type":"WebPage","@id":"http:\/\/portal550.aevn.pt\/index.php\/alunos\/cursos-profissionais\/","url":"http:\/\/portal550.aevn.pt\/index.php\/alunos\/cursos-profissionais\/","name":"Cursos Profissionais - Agrupamento de Escolas de Vendas Novas","isPartOf":{"@id":"http:\/\/portal550.aevn.pt\/#website"},"primaryImageOfPage":{"@id":"http:\/\/portal550.aevn.pt\/index.php\/alunos\/cursos-profissionais\/#primaryimage"},"image":{"@id":"http:\/\/portal550.aevn.pt\/index.php\/alunos\/cursos-profissionais\/#primaryimage"},"thumbnailUrl":"http:\/\/portal550.aevn.pt\/wp-content\/uploads\/2023\/07\/Selo_EQAVET.png","datePublished":"2023-07-12T19:02:00+00:00","dateModified":"2023-07-21T09:57:20+00:00","breadcrumb":{"@id":"http:\/\/portal550.aevn.pt\/index.php\/alunos\/cursos-profissionais\/#breadcrumb"},"inLanguage":"pt-PT","potentialAction":[{"@type":"ReadAction","target":["http:\/\/portal550.aevn.pt\/index.php\/alunos\/cursos-profissionais\/"]}]},{"@type":"ImageObject","inLanguage":"pt-PT","@id":"http:\/\/portal550.aevn.pt\/index.php\/alunos\/cursos-profissionais\/#primaryimage","url":"http:\/\/portal550.aevn.pt\/wp-content\/uploads\/2023\/07\/Selo_EQAVET.png","contentUrl":"http:\/\/portal550.aevn.pt\/wp-content\/uploads\/2023\/07\/Selo_EQAVET.png","width":500,"height":500,"caption":"EQAVET"},{"@type":"BreadcrumbList","@id":"http:\/\/portal550.aevn.pt\/index.php\/alunos\/cursos-profissionais\/#breadcrumb","itemListElement":[{"@type":"ListItem","position":1,"name":"In\u00edcio","item":"http:\/\/portal550.aevn.pt\/"},{"@type":"ListItem","position":2,"name":"Alunos","item":"http:\/\/portal550.aevn.pt\/index.php\/alunos\/"},{"@type":"ListItem","position":3,"name":"Cursos Profissionais"}]},{"@type":"WebSite","@id":"http:\/\/portal550.aevn.pt\/#website","url":"http:\/\/portal550.aevn.pt\/","name":"Agrupamento de Escolas de Vendas Novas","description":"","publisher":{"@id":"http:\/\/portal550.aevn.pt\/#organization"},"potentialAction":[{"@type":"SearchAction","target":{"@type":"EntryPoint","urlTemplate":"http:\/\/portal550.aevn.pt\/?s={search_term_string}"},"query-input":{"@type":"PropertyValueSpecification","valueRequired":true,"valueName":"search_term_string"}}],"inLanguage":"pt-PT"},{"@type":"Organization","@id":"http:\/\/portal550.aevn.pt\/#organization","name":"Agrupamento de Escolas de Vendas Novas","url":"http:\/\/portal550.aevn.pt\/","logo":{"@type":"ImageObject","inLanguage":"pt-PT","@id":"http:\/\/portal550.aevn.pt\/#\/schema\/logo\/image\/","url":"http:\/\/portal550.aevn.pt\/wp-content\/uploads\/2023\/07\/logo_AEVNweb.png","contentUrl":"http:\/\/portal550.aevn.pt\/wp-content\/uploads\/2023\/07\/logo_AEVNweb.png","width":500,"height":150,"caption":"Agrupamento de Escolas de Vendas Novas"},"image":{"@id":"http:\/\/portal550.aevn.pt\/#\/schema\/logo\/image\/"},"sameAs":["https:\/\/www.facebook.com\/agrupamentoescolasvendasnovas"]}]}},"uagb_featured_image_src":{"full":false,"thumbnail":false,"medium":false,"medium_large":false,"large":false,"1536x1536":false,"2048x2048":false,"qubely_landscape":false,"qubely_portrait":false,"qubely_thumbnail":false},"uagb_author_info":{"display_name":"admin","author_link":"http:\/\/portal550.aevn.pt\/index.php\/author\/f529\/"},"uagb_comment_info":0,"uagb_excerpt":"Os Cursos Profissionais s\u00e3o um dos percursos do n\u00edvel secund\u00e1rio de educa\u00e7\u00e3o, caracterizado por uma forte liga\u00e7\u00e3o com o mundo profissional. Tendo em conta o&hellip;","jetpack_sharing_enabled":true,"_links":{"self":[{"href":"http:\/\/portal550.aevn.pt\/index.php\/wp-json\/wp\/v2\/pages\/1542","targetHints":{"allow":["GET"]}}],"collection":[{"href":"http:\/\/portal550.aevn.pt\/index.php\/wp-json\/wp\/v2\/pages"}],"about":[{"href":"http:\/\/portal550.aevn.pt\/index.php\/wp-json\/wp\/v2\/types\/page"}],"author":[{"embeddable":true,"href":"http:\/\/portal550.aevn.pt\/index.php\/wp-json\/wp\/v2\/users\/1"}],"replies":[{"embeddable":true,"href":"http:\/\/portal550.aevn.pt\/index.php\/wp-json\/wp\/v2\/comments?post=1542"}],"version-history":[{"count":28,"href":"http:\/\/portal550.aevn.pt\/index.php\/wp-json\/wp\/v2\/pages\/1542\/revisions"}],"predecessor-version":[{"id":2248,"href":"http:\/\/portal550.aevn.pt\/index.php\/wp-json\/wp\/v2\/pages\/1542\/revisions\/2248"}],"up":[{"embeddable":true,"href":"http:\/\/portal550.aevn.pt\/index.php\/wp-json\/wp\/v2\/pages\/1944"}],"wp:attachment":[{"href":"http:\/\/portal550.aevn.pt\/index.php\/wp-json\/wp\/v2\/media?parent=1542"}],"curies":[{"name":"wp","href":"https:\/\/api.w.org\/{rel}","templated":true}]}}